se -3*x = 2*x. Suppose x = -j + 6 + 1. Suppose 0*h - 42 = -h. Calculate the highest common divisor of h and j.
7
Suppose 0 = 9*m - m - 600. What is the highest common factor of m and 30?
15
Let d(j) = j**2 + 19*j + 43. Let a be d(-18). What is the highest common factor of a and 10?
5
Suppose f - 13 - 15 = 0. What is the highest common factor of f and 4?
4
Suppose 3*m + 3*m = 216. Suppose -2*d + 4 = -0*d, -4*i - 4*d + m = 0. Let u(k) = -k - 5. Let g be u(-6). What is the highest common divisor of g and i?
1
Suppose 0 = s + 2*s + 60. Let w be (-5)/s + 62/8. Suppose -w = 2*x, -x = 3*p - 6*x - 152. Calculate the highest common divisor of p and 11.
11
Suppose -n - 3*m = 2*m - 145, 2*n - 4*m - 360 = 0. Suppose -195 = -5*c - 25. What is the highest common divisor of n and c?
34
Suppose d = -2*d + t + 45, -3*d + 27 = 5*t. Let n = 50 + -15. What is the highest common divisor of d and n?
7
Suppose -16 = -4*w, 1 = x - 4*w + 17. Let m be -1*(-4 - (x - -2)). Calculate the greatest common factor of 12 and m.
6
Let r(b) = -b + 32. Let t be r(0). Suppose -t - 94 = -3*c. What is the greatest common divisor of c and 7?
7
Let x = 358 + -214. Let i be 4/20 + 445/25. Calculate the greatest common divisor of i and x.
18
Let s be ((-38)/(-57))/(1/15). What is the highest common divisor of s and 15?
5
Suppose 3 = -6*p + 9. Let z be (p + -2)*(-3 - -2). What is the highest common divisor of 8 and z?
1
Let g(o) = o**2 - 7*o - 4. Suppose 31 = 5*a + 3*f, 0 = a - 3*f + 2 - 1. Let v be g(a). Let m be v/(-4)*20/10. What is the greatest common divisor of 70 and m?
7
Let n be 12*1 + (-7 - -5). Let b be (10/(-8))/((-17)/68). What is the greatest common divisor of b and n?
5
Let l(s) = 12*s + 1. Let y be l(-7). Let a be (-12)/18 + y/(-3). Calculate the highest common factor of 9 and a.
9
Let t be 0/4*2/4. Suppose -4*c + 29 = -5*u, -u = 5*c - t*c. Let w be 6*18 - c*-2. Calculate the greatest common divisor of w and 10.
10
Let o = 144 - 88. What is the greatest common divisor of o and 8?
8
Let y(m) = -2*m**2 - 10*m + 9. Let s be y(-5). What is the greatest common factor of s and 9?
9
Let r(f) = 22*f**2 - 1. Let u be r(1). What is the highest common factor of 3 and u?
3
Let m(x) = x**3 + 22*x**2 + 37*x - 11. Let f be m(-20). Calculate the highest common divisor of 14 and f.
7
Let m = -20 + 12. Let h(a) = a**2 + 8*a + 2. Let p be h(-7). Let u = p - m. What is the highest common divisor of u and 6?
3
Suppose 5*p - 72 = i, -p + i = 2*p - 44. Let n = 26 - p. Let x = -262 + 370. What is the greatest common divisor of x and n?
12
Let w be ((-10)/4)/((-22)/44). Calculate the highest common divisor of w and 5.
5
Suppose 3*k = 5*t - 276, -3*k + 94 = 2*t - 8. What is the highest common divisor of 18 and t?
18
Suppose w + 2*w - 12 = 0. Suppose 5*g + 15 = 0, w*h = 5*h - 3*g - 17. Calculate the greatest common factor of 88 and h.
8
Let v = -14 - -7. Let l(u) = u**3 + 7*u**2 + 3. Let g be l(v). Calculate the highest common factor of 24 and g.
3
Let a = 8 - 9. Let w be 38/(0 + (-2)/a). Let z be (-4)/6*-3 - -74. Calculate the highest common divisor of z and w.
19
Let k(q) = 5*q**3 + 2*q**2 - 3*q + 4. Let w be k(3). Let o = w - 57. Calculate the highest common factor of 13 and o.
13
Suppose -i + 1 = -3. Suppose -h + 80 = i*h. Calculate the highest common factor of 24 and h.
8
Let o be (-416)/6 + (-2)/(-6). Suppose 14*k - 15*k - 111 = 0. Let a = o - k. Calculate the highest common divisor of a and 28.
14
Let s(j) be the second derivative of j**4/6 + j**3/3 - 7*j**2/2 + 2*j. Let c be s(-5). Suppose 4*m - 88 = -0*m. What is the greatest common factor of c and m?
11
Suppose 2*l + 2*l - 26 = -2*t, -24 = -l + 3*t. Let i = 11 - 2. What is the highest common factor of l and i?
9
Let l(v) = -v**3 + 23*v**2 + 27*v - 47. Let f be l(24). Let y be -1 + (-7)/((-14)/12). Calculate the greatest common factor of y and f.
5
Let n(r) = r + 17. Let o be n(0). Suppose l - 5*m - 15 = o, -4*l = 3*m - 197. Let y be l - (-1 - 0)*1. What is the greatest common divisor of y and 6?
6
Suppose -3*o - 3*m + 18 = 0, 2 = -0*o + 2*o - 3*m. Let n be 3/(o/((-176)/(-12))). Calculate the highest common divisor of n and 11.
11
Let z be (-2)/6 - 74/(-6). Suppose -4*g - z = -7*g. Suppose -3*a = 12, 3*q - 3*a - 5 = -g*a. Calculate the highest common factor of q and 9.
3
Suppose -j = -3*h - 0*j + 28, 0 = -2*h + 2*j + 16. Suppose -3*p + 23 = -h. Calculate the greatest common divisor of p and 77.
11
Suppose -3*t + 2*g + 239 = -2*g, -2*g + 2 = 0. Calculate the highest common divisor of t and 9.
9
Suppose -4*g + 37 = 3*m + 2*m, -2*m - g + 13 = 0. Let n(q) = q - 5. Let r be n(7). Let z be (4 - -1)*(-1 + r). What is the highest common divisor of m and z?
5
Let s(t) = -t - 6. Let d be s(-9). Suppose 0 = 3*x + d*o - 39, -o = 2*x + 2*o - 29. What is the greatest common factor of x and 20?
10
Let u(a) = a**2 + 5*a + 5. Let g be (-16)/(-20)*(-1 - 4). Let c be u(g). What is the highest common divisor of 7 and c?
1
Let a = -77 - -89. What is the highest common factor of 48 and a?
12
Let g = 673 + -400. What is the greatest common factor of g and 21?
21
Let p be (-150)/(-9)*6/5. Suppose d = 3*i - 659, i + 0*i - 3*d - 217 = 0. What is the greatest common divisor of p and i?
20
Suppose -3*r = -0*b - 3*b + 9, 3*b + 4*r - 9 = 0. Suppose 0 = -b*v - 7 + 34. What is the greatest common factor of 9 and v?
9
Let m(p) = p**3 + 2*p**2. Let a be m(-1). Let o be -1 + a + -2 + 14. Let v be (64/(-24))/(4/(-126)). What is the highest common factor of o and v?
12
Let j = 1 + 3. Suppose j*n + 31 = k, -n - 4*n - 5 = 0. Suppose 8*i + 16 = 4*i, -5*d + 27 = -3*i. What is the highest common divisor of k and d?
3
Suppose 14*u = 16*u - 18. Calculate the greatest common divisor of u and 3.
3
Suppose -4*r + 134 = -14. What is the greatest common divisor of r and 37?
37
Suppose 0 = 4*z - 4*q - 28, 4*z + 3*q - 7 = 0. Let f = -47 + 67. Calculate the highest common factor of z and f.
4
Let u be (-14 - -25)/((-2)/(-4)). What is the highest common factor of u and 77?
11
Suppose 9*m - 720 = -108. What is the highest common factor of m and 51?
17
Suppose 51 = 3*m + y, 0 = m - 2*y + 3 - 27. What is the greatest common divisor of 9 and m?
9
Suppose 5*o = o + 120. Let a be -6*2/(-4) - (-14 - -5). Calculate the highest common factor of o and a.
6
Suppose 0 = 38*d - 43*d + 15. What is the greatest common divisor of 12 and d?
3
Let f be (-8)/2 + (-3)/3 + 7. Let n be (-2)/7 + (-37)/(-7). Suppose n*i = f*i + 72. What is the greatest common divisor of 216 and i?
24
Suppose 0 = -8*l - 10*l + 288. Suppose 0 = -2*h - 0 + 4. What is the greatest common divisor of l and h?
2
Let q(z) = z**3 + z + 5. Let i be q(0). Let j be (i - 3)/((-2)/(-57)). What is the highest common factor of 38 and j?
19
Suppose 6*f - f - 182 = -4*u, 4*f - 142 = -2*u. What is the highest common divisor of f and 272?
34
Let j be (-3)/(-6) - 10/(-4). Suppose -22 = -j*t + 17. What is the greatest common factor of t and 143?
13
Let s be 18/(-3)*4/(-3). Let w(i) = 17*i - 14. Let m be w(6). Let q = 176 - m. Calculate the highest common factor of s and q.
8
Let s(k) = 4*k + 3. Let c be s(3). Let i(x) = -2*x**3 - 8*x**2 - 2*x - 6. Let p = -4 - 2. Let o be i(p). Calculate the highest common divisor of c and o.
15
Let b be 2 + 4/(-2) + 18. Suppose -4*j + 4 = 0, 4*w - 37 = 5*j + b. Let i(n) = 7*n**2 - 4*n. Let u be i(-3). Calculate the greatest common factor of u and w.
15
Suppose 2*j + 0*a - 2*a - 250 = 0, 4*a - 460 = -4*j. Let r = 52 - 106. Let g be (18/10)/(r/(-450)). Calculate the highest common factor of j and g.
15
Let p(h) = h**2 - 3. Let v be p(-3). Let o = v + 0. Let t be (-10)/(-15) + 8/6. Calculate the highest common divisor of t and o.
2
Suppose 4*j = j + 627. Calculate the highest common factor of 19 and j.
19
Let j = 2 - -2. Let f be (-2 - (-15)/5) + 0. What is the greatest common divisor of j and f?
1
Suppose -v + 10 = m, 0 = -v + 5*m - 3 + 25. Suppose -c + 70 = 4*t, -4*t + 4*c + 79 + 1 = 0. What is the highest common factor of t and v?
6
Suppose f - 4 = 0, 2*a + 37 = -3*a + 3*f. Let g = a - -8. Suppose -5*m + 3*h + 171 = 0, 4*m + h = -g*h + 156. Calculate the highest common divisor of m and 4.
4
Let l(s) = -5*s. Let f be l(-1). Suppose 0 = f*i - 529 - 71. Suppose 3*n - 64 - 80 = 0. Calculate the highest common divisor o